**3 + 84*j**2 - 354*j - 196. Give v(-88).
-20
Let u(n) = 7*n + 1473. Calculate u(-215).
-32
Let u(n) = -2*n**3 + 127*n**2 - 95*n + 1950. Calculate u(63).
-66
Let d(c) = -c**3 + 2*c**2 - 21*c + 27. What is d(2)?
-15
Let z(k) = 3123*k + 3113. Give z(-1).
-10
Let r(d) = 126*d**2 - 1386*d + 24. Give r(11).
24
Let s(d) = -3*d**3 + 14*d**2 + 4*d - 23. Give s(4).
25
Let h(n) = -n**3 - 16*n**2 - 64*n - 188. Calculate h(-12).
4
Let n(s) = 2*s - 43. Calculate n(24).
5
Let z(a) = -15*a - 5. Determine z(1).
-20
Let b(x) = -x**3 + 22*x**2 - 23*x - 16. Calculate b(21).
-58
Let q(j) = 69*j + 461. What is q(-6)?
47
Let x(m) = -m**2 - 1102*m + 16761. What is x(15)?
6
Let i(y) = -y**3 + 154*y**2 + 3469*y + 1913. Determine i(174).
-1
Let w(n) = -n**2 + 4719*n - 32985. Calculate w(7).
-1
Let f(a) = -a**2 - 65*a - 474. Determine f(-9).
30
Let a(r) = -815*r + 1633. Determine a(2).
3
Let c(n) = -2*n**3 + 23*n**2 + 95*n - 1247. Calculate c(10).
3
Let p(w) = 77*w - 2083. Calculate p(27).
-4
Let i(v) = v**3 - 6*v**2 - 9*v + 25. What is i(7)?
11
Let d(p) = -4*p**3 + 80*p**2 - p + 25. What is d(20)?
5
Let d(q) = -527*q + 44265. Give d(84).
-3
Let q(z) = 171*z + 1045. Give q(-6).
19
Let o(f) = 89*f**3 - 5254*f**2 + 178*f - 64. Determine o(59).
-5
Let u(b) = -25*b**2 - 65*b - 195. Calculate u(-3).
-225
Let j(f) = 21*f + 787. What is j(-37)?
10
Let y(s) = -s**3 - 41*s**2 - 273*s - 17811. Determine y(-44).
9
Let n(t) = -t**2 - 24*t - 155. What is n(-11)?
-12
Let r(u) = 157*u - 3221. Calculate r(21).
76
Let z(s) = s**3 - 10*s**2 - 33*s + 27. Calculate z(13).
105
Let r(f) = -f**3 - 42*f**2 + 3*f + 133. Give r(-42).
7
Let n(u) = -2*u**2 - 154*u + 3655. What is n(-96)?
7
Let u(h) = 7*h**2 + 11*h - 74. Give u(-6).
112
Let t(m) = -m**3 - 19*m**2 + 211*m + 1508. Give t(-25).
-17
Let m(u) = 5*u**2 + 9560*u - 9561. What is m(1)?
4
Let l(g) = 84*g**2 - 54*g + 57. Determine l(1).
87
Let y(u) = -3*u**2 + 197*u + 719. Give y(69).
29
Let x(t) = 2*t**2 + 10*t - 104. Give x(9).
148
Let f(y) = y**3 + 30*y**2 + 59*y + 82. Calculate f(-28).
-2
Let v(h) = -12*h - 198. What is v(-8)?
-102
Let j(g) = g**2 - 5*g - 3153. Calculate j(59).
33
Let h(k) = -223*k + 9359. Give h(42).
-7
Let f(k) = 184*k**2 - 113*k - 221. Calculate f(-2).
741
Let p(u) = -28*u**2 + 147*u - 107. Determine p(4).
33
Let y(u) = -15*u**2 - 310*u + 316. What is y(1)?
-9
Let h(m) = 10*m**2 + 73*m - 111. Determine h(-9).
42
Let b(s) = -s**3 + 20*s**2 - 116*s + 168. Give b(8).
8
Let d(a) = 206*a + 63852. Calculate d(-310).
-8
Let w(q) = q**3 - 656*q**2 + q + 5. Give w(0).
5
Let z(r) = -21*r - 278. What is z(-10)?
-68
Let c(u) = 3*u**2 + 569*u - 1720. Calculate c(3).
14
Let z(u) = 114*u + 13876. What is z(-122)?
-32
Let v(i) = -3*i**2 + 115*i + 3210. Calculate v(57).
18
Let m(n) = -3*n**2 + 12*n + 160. Give m(-8).
-128
Let q(j) = j**3 - 26*j**2 - 163*j + 28. What is q(31)?
-220
Let j(p) = p**2 - 4*p - 316. Calculate j(20).
4
Let x(d) = 2*d**3 + 128*d**2 + 877*d - 141. Calculate x(-8).
11
Let v(z) = -715*z + 56489. Determine v(79).
4
Let u(p) = -30*p**2 + 126*p + 2240. Calculate u(11).
-4
Let v(h) = -20*h - 300. Determine v(-15).
0
Let o(s) = -2*s**3 + 30*s**2 + 100*s - 1978. Give o(13).
-2
Let y(o) = -621*o + 59630. What is y(96)?
14
Let j(d) = 76*d - 2555. Give j(33).
-47
Let n(i) = -89*i + 4118. Determine n(44).
202
Let j(s) = -s**3 - 48*s**2 - 156*s - 2951. What is j(-46)?
-7
Let o(n) = -141*n + 10852. Determine o(77).
-5
Let t(d) = 6*d**2 + 7*d + 24. What is t(-3)?
57
Let l(k) = -43*k**2 + 53*k + 18. Determine l(2).
-48
Let p(y) = 2*y**2 + 208*y - 576. What is p(3)?
66
Let s(p) = 27*p + 879. Give s(-33).
-12
Let v(u) = -84*u**3 + 4*u**2 - 2. Determine v(-1).
86
Let u(y) = y**2 - y + 37. Determine u(19).
379
Let r(k) = -4164*k + 8330. What is r(2)?
2
Let z(r) = r**3 - 112*r**2 + 1540*r - 56. Determine z(16).
8
Let c(d) = 202*d + 199. Give c(-1).
-3
Let q(t) = -20*t**2 + 126*t + 17. Calculate q(7).
-81
Let z(a) = -3*a**3 + 4*a**2 + 83*a - 85. Determine z(1).
-1
Let c(y) = -y**3 + 29*y**2 + 28*y + 64. Calculate c(30).
4
Let s(y) = -171*y - 5640. Determine s(-33).
3
Let g(r) = -r**2 + 90*r + 8328. What is g(-57)?
-51
Let u(i) = 6*i**2 - 54*i + 114. Determine u(4).
-6
Let m(k) = -18*k + 880. Calculate m(49).
-2
Let j(w) = -w**2 + 40*w + 526. What is j(-11)?
-35
Let o(z) = -z**3 + 10*z**2 - 12*z + 101. Calculate o(10).
-19
Let u(k) = -178*k - 2496. Give u(-14).
-4
Let t(f) = 36*f**2 - 1446*f + 246. What is t(40)?
6
Let f(d) = -d**3 - 15*d**2 + 16*d - 3. What is f(-16)?
-3
Let m(d) = -156*d - 1559. What is m(-10)?
1
Let o(d) = -1360*d + 12241. Calculate o(9).
1
Let r(x) = 16*x + 348. What is r(-24)?
-36
Let l(x) = x**3 + 183*x**2 - 551*x - 5. Calculate l(3).
16
Let i(s) = -2*s**3 + 24*s**2 + 204*s + 7. What is i(18)?
-209
Let g(b) = b**2 + 4*b - 25. What is g(-8)?
7
Let u(t) = -15*t**3 - 97*t**2 - 8*t - 33. Calculate u(-5).
-543
Let a(v) = -v - 140. Determine a(2).
-142
Let l(z) = z**3 - 43*z**2 + 24*z - 1034. Calculate l(43).
-2
Let s(v) = 9*v - 379. Give s(42).
-1
Let o(l) = 6*l**2 - 52*l + 141. What is o(4)?
29
Let t(b) = 167*b**3 - 34*b**2 - 29*b + 5. Give t(-1).
-167
Let b(q) = -q**3 - q**2 - 67*q - 319. What is b(-5)?
116
Let r(w) = w**3 - 3*w**2 - 597*w + 2426. Give r(4).
54
Let i(b) = -10*b - 54. What is i(6)?
-114
Let g(j) = j**3 - 17*j**2 + 32*j + 29. Calculate g(14).
-111
Let n(c) = -6*c**3 + 4*c**2 - 17*c - 47. Determine n(-3).
202
Let b(u) = 40*u + 33. What is b(-4)?
-127
Let t(s) = 442*s + 16793. Determine t(-38).
-3
Let n(h) = -131*h - 29899. What is n(-228)?
-31
Let f(c) = -1942*c + 1967. Calculate f(1).
25
Let s(r) = -631*r**2 + 8203*r + 5. Calculate s(13).
5
Let d(n) = n - 77. Give d(57).
-20
Let f(x) = x**3 - 7*x**2 - 78*x + 430. Determine f(5).
-10
Let m(p) = p**2 + 5*p - 81. Give m(-13).
23
Let q(a) = 5916*a - 70996. Calculate q(12).
-4
Let k(r) = r**2 - 67*r + 1032. Determine k(43).
0
Let p(d) = 86*d**2 + 869*d + 93. Calculate p(-10).
3
Let p(n) = 184*n - 1284. Determine p(7).
4
Let b(u) = 2*u**2 - 89*u + 1339. Determine b(25).
364
Let r(q) = q**3 + 4*q**2 - 199*q + 32. Determine r(13).
318
Let n(m) = -666*m - 45298. What is n(-68)?
-10
Let w(p) = 253*p - 1008. Give w(2).
-502
Let m(u) = 9*u - 59. Determine m(18).
103
Let y(q) = -4*q**3 - 21*q**2 + 326*q + 50. Determine y(-12).
26
Let x(g) = -276*g + 4. Give x(-1).
280
Let c(t) = t**3 - 7*t**2 - 10*t + 21. Give c(2).
-19
Let j(a) = 167*a + 3176. What is j(-19)?
3
Let m(b) = -b**2 - 7*b - 3. Calculate m(-11).
-47
Let f(j) = j**2 + 147*j + 2054. Give f(-15).
74
Let r(a) = a**3 + 35*a**2 + 256*a + 15. What is r(-25)?
-135
Let d(j) = -55*j - 7546. Give d(-137).
-11
Let r(n) = 3*n**2 + 117*n + 288. Calculate r(-36).
-36
Let p(b) = -8*b**2 + 25*b - 83. Give p(3).
-80
Let q(v) = v**2 + 70*v - 2. Determine q(-69).
-71
Let q(i) = -2*i**3 + 15*i**2 + 71*i + 79. Give q(11).
13
Let z(n) = 5*n**3 + 2*n**2 - 5*n - 2. Determine z(-4).
-270
Let l(p) = 22*p - 730. What is l(40)?
150
Let c(k) = -2*k**3 + 23*k**2 - 15*k + 79. Determine c(11).
35
Let q(j) = j**3 - 12*j**2 - 30*j - 57. What is q(16)?
487
Let s(n) = 16*n**3 - 81*n**2 - 8*n + 7. Give s(3).
-314
Let y(k) = 7*k**3 + 2*k**2 + 3*k - 9. What is y(3)?
207
Let l(m) = 7*m**2 - 104*m + 14. Determine l(12).
-226
Let t(g) = g**2 - 85*g - 282. Calculate t(83).
-448
Let d(o) = -o**3 - 91*o**2 - 742*o - 340. What is d(-82)?
-12
Let s(n) = -2*n**3 - 52*n**2 - 333*n - 42. Determine s(-15).
3
Let k(j) = 49*j - 334. What is k(6)?
-40
Let r(v) = 4*v**2 - 47*v + 309. What is r(5)?
174
Let m(c) = -89*c + 516. Give m(6).
-18
Let b(i) = -1217*i + 24352. Give b(20).
12
Let k(i) = -54*i + 2301. Determine k(39).
195
Let t(d) = 31*d**3 - 238*d**2 - 83*d + 20. Give t(8).
-4
Let s(w) = -466*w - 1377. Determine s(-3).
21
Let d(g) = -140*g - 271. What is d(-2)?
9
Let k(o) = -o**3 + 40*o**2 - 130*o + 2077. Calculate k(38).
25
Let c(w) = -w**3 + 102*w - 17. Determine c(10).
3
Let w(u) = -2*u**3 + 45*u**2 - 23*u + 1. Calculate w(22).
-21
Let f(j) = -j**2 + 18*j - 17. What is f(6)?
55
Let j(n) = -78*n - 106. Give j(-1).
-28
Let m(s) = 9*s + 235. Determine m(-21).
46
Let a(d) = -21*d**2 + 673*d - 43. What is a(32)?
-11
Let x(w) = -w**3 + 20*w**2 + 32*w - 1610. Determine x(13).
-11
Let j(n) = 4*n**3 - 25*n**2 - 12*n + 128. Give j(6).
20
Let r(z) = -37